{"id":205,"date":"2026-03-09T02:09:57","date_gmt":"2026-03-09T02:09:57","guid":{"rendered":"https:\/\/almavivajoias.com.br\/?post_type=product&#038;p=205"},"modified":"2026-03-09T02:09:57","modified_gmt":"2026-03-09T02:09:57","slug":"colar-filha","status":"publish","type":"product","link":"https:\/\/almavivajoias.com.br\/?product=colar-filha","title":{"rendered":"Colar Filha"},"content":{"rendered":"<p data-start=\"56\" data-end=\"313\">O Colar Filha traduz romantismo e delicadeza em um design elegante e cheio de significado. O pingente em formato de cora\u00e7\u00e3o aberto simboliza leveza e amor, enquanto o pequeno detalhe cravejado adiciona pontos de brilho que iluminam a pe\u00e7a com suavidade.<\/p>\n<p data-start=\"315\" data-end=\"544\" data-is-last-node=\"\" data-is-only-node=\"\">Com linhas delicadas e acabamento sofisticado, \u00e9 uma joia que valoriza o colo com charme e feminilidade. Um colar atemporal, perfeito para quem aprecia pe\u00e7as delicadas que expressam sentimento, eleg\u00e2ncia e beleza em cada detalhe.<\/p>\n","protected":false},"excerpt":{"rendered":"<p>O Colar Filha traduz romantismo e delicadeza em um design elegante e cheio de significado. O pingente em formato de &#8230; <\/p>\n<p class=\"more-link-container\"><a title=\"Colar Filha\" class=\"more-link button\" href=\"https:\/\/almavivajoias.com.br\/?product=colar-filha#more-205\">Read More<span class=\"screen-reader-text\">Colar Filha<\/span> <i class=\"fa fa-angle-double-right\"><\/i><\/a><\/p>\n","protected":false},"featured_media":202,"comment_status":"open","ping_status":"closed","template":"","meta":{"advanced_seo_description":"","jetpack_seo_html_title":"","jetpack_seo_noindex":false},"product_brand":[20],"product_cat":[18],"product_tag":[],"class_list":{"0":"post-205","1":"product","2":"type-product","3":"status-publish","4":"has-post-thumbnail","6":"product_brand-alma-viva-joias","7":"product_cat-colares","9":"first","10":"instock","11":"taxable","12":"shipping-taxable","13":"purchasable","14":"product-type-simple"},"jetpack_sharing_enabled":true,"_links":{"self":[{"href":"https:\/\/almavivajoias.com.br\/index.php?rest_route=\/wp\/v2\/product\/205","targetHints":{"allow":["GET"]}}],"collection":[{"href":"https:\/\/almavivajoias.com.br\/index.php?rest_route=\/wp\/v2\/product"}],"about":[{"href":"https:\/\/almavivajoias.com.br\/index.php?rest_route=\/wp\/v2\/types\/product"}],"replies":[{"embeddable":true,"href":"https:\/\/almavivajoias.com.br\/index.php?rest_route=%2Fwp%2Fv2%2Fcomments&post=205"}],"wp:featuredmedia":[{"embeddable":true,"href":"https:\/\/almavivajoias.com.br\/index.php?rest_route=\/wp\/v2\/media\/202"}],"wp:attachment":[{"href":"https:\/\/almavivajoias.com.br\/index.php?rest_route=%2Fwp%2Fv2%2Fmedia&parent=205"}],"wp:term":[{"taxonomy":"product_brand","embeddable":true,"href":"https:\/\/almavivajoias.com.br\/index.php?rest_route=%2Fwp%2Fv2%2Fproduct_brand&post=205"},{"taxonomy":"product_cat","embeddable":true,"href":"https:\/\/almavivajoias.com.br\/index.php?rest_route=%2Fwp%2Fv2%2Fproduct_cat&post=205"},{"taxonomy":"product_tag","embeddable":true,"href":"https:\/\/almavivajoias.com.br\/index.php?rest_route=%2Fwp%2Fv2%2Fproduct_tag&post=205"}],"curies":[{"name":"wp","href":"https:\/\/api.w.org\/{rel}","templated":true}]}}