{"id":243,"date":"2026-03-20T00:25:09","date_gmt":"2026-03-20T00:25:09","guid":{"rendered":"https:\/\/almavivajoias.com.br\/?post_type=product&#038;p=243"},"modified":"2026-03-20T00:25:09","modified_gmt":"2026-03-20T00:25:09","slug":"alma-pet","status":"publish","type":"product","link":"https:\/\/almavivajoias.com.br\/?product=alma-pet","title":{"rendered":"Alma Pet"},"content":{"rendered":"<p data-start=\"525\" data-end=\"811\">Delicado e cheio de significado, o Brinco Alma Pet traz a patinha em um desenho vazado e acabamento liso, criando uma pe\u00e7a leve, atual e com um apelo afetivo muito especial. O formato delicado valoriza a composi\u00e7\u00e3o com sutileza, mantendo um visual elegante e f\u00e1cil de usar no dia a dia.<\/p>\n<p data-start=\"813\" data-end=\"1022\">Em tom dourado e com proposta minimalista, \u00e9 uma pe\u00e7a que expressa carinho e conex\u00e3o de forma discreta, mas marcante. Uma escolha perfeita para quem gosta de acess\u00f3rios com sentimento, delicadeza e identidade.<\/p>\n","protected":false},"excerpt":{"rendered":"<p>Delicado e cheio de significado, o Brinco Alma Pet traz a patinha em um desenho vazado e acabamento liso, criando &#8230; <\/p>\n<p class=\"more-link-container\"><a title=\"Alma Pet\" class=\"more-link button\" href=\"https:\/\/almavivajoias.com.br\/?product=alma-pet#more-243\">Read More<span class=\"screen-reader-text\">Alma Pet<\/span> <i class=\"fa fa-angle-double-right\"><\/i><\/a><\/p>\n","protected":false},"featured_media":247,"comment_status":"open","ping_status":"closed","template":"","meta":{"advanced_seo_description":"","jetpack_seo_html_title":"","jetpack_seo_noindex":false},"product_brand":[20],"product_cat":[17],"product_tag":[],"class_list":{"0":"post-243","1":"product","2":"type-product","3":"status-publish","4":"has-post-thumbnail","6":"product_brand-alma-viva-joias","7":"product_cat-brincos","9":"first","10":"instock","11":"taxable","12":"shipping-taxable","13":"purchasable","14":"product-type-simple"},"jetpack_sharing_enabled":true,"_links":{"self":[{"href":"https:\/\/almavivajoias.com.br\/index.php?rest_route=\/wp\/v2\/product\/243","targetHints":{"allow":["GET"]}}],"collection":[{"href":"https:\/\/almavivajoias.com.br\/index.php?rest_route=\/wp\/v2\/product"}],"about":[{"href":"https:\/\/almavivajoias.com.br\/index.php?rest_route=\/wp\/v2\/types\/product"}],"replies":[{"embeddable":true,"href":"https:\/\/almavivajoias.com.br\/index.php?rest_route=%2Fwp%2Fv2%2Fcomments&post=243"}],"wp:featuredmedia":[{"embeddable":true,"href":"https:\/\/almavivajoias.com.br\/index.php?rest_route=\/wp\/v2\/media\/247"}],"wp:attachment":[{"href":"https:\/\/almavivajoias.com.br\/index.php?rest_route=%2Fwp%2Fv2%2Fmedia&parent=243"}],"wp:term":[{"taxonomy":"product_brand","embeddable":true,"href":"https:\/\/almavivajoias.com.br\/index.php?rest_route=%2Fwp%2Fv2%2Fproduct_brand&post=243"},{"taxonomy":"product_cat","embeddable":true,"href":"https:\/\/almavivajoias.com.br\/index.php?rest_route=%2Fwp%2Fv2%2Fproduct_cat&post=243"},{"taxonomy":"product_tag","embeddable":true,"href":"https:\/\/almavivajoias.com.br\/index.php?rest_route=%2Fwp%2Fv2%2Fproduct_tag&post=243"}],"curies":[{"name":"wp","href":"https:\/\/api.w.org\/{rel}","templated":true}]}}