{"id":276,"date":"2026-03-20T00:33:02","date_gmt":"2026-03-20T00:33:02","guid":{"rendered":"https:\/\/almavivajoias.com.br\/?post_type=product&#038;p=276"},"modified":"2026-03-20T00:33:02","modified_gmt":"2026-03-20T00:33:02","slug":"coracao-alma","status":"publish","type":"product","link":"https:\/\/almavivajoias.com.br\/?product=coracao-alma","title":{"rendered":"Cora\u00e7\u00e3o Alma"},"content":{"rendered":"<p data-start=\"50\" data-end=\"303\">Com tra\u00e7o delicado e design vazado, o Brinco Cora\u00e7\u00e3o Alma traduz leveza e romantismo em uma proposta minimalista e atual. O contorno em formato de cora\u00e7\u00e3o ganha destaque pelo acabamento dourado liso, criando uma pe\u00e7a sutil, elegante e f\u00e1cil de combinar.<\/p>\n<p data-start=\"305\" data-end=\"551\">De visual leve e tamanho discreto, \u00e9 uma escolha que funciona muito bem no dia a dia e tamb\u00e9m em composi\u00e7\u00f5es mais delicadas. Um brinco com apelo afetivo e est\u00e9tica clean, ideal para quem busca um acess\u00f3rio feminino, moderno e cheio de delicadeza.<\/p>\n","protected":false},"excerpt":{"rendered":"<p>Com tra\u00e7o delicado e design vazado, o Brinco Cora\u00e7\u00e3o Alma traduz leveza e romantismo em uma proposta minimalista e atual. &#8230; <\/p>\n<p class=\"more-link-container\"><a title=\"Cora\u00e7\u00e3o Alma\" class=\"more-link button\" href=\"https:\/\/almavivajoias.com.br\/?product=coracao-alma#more-276\">Read More<span class=\"screen-reader-text\">Cora\u00e7\u00e3o Alma<\/span> <i class=\"fa fa-angle-double-right\"><\/i><\/a><\/p>\n","protected":false},"featured_media":263,"comment_status":"open","ping_status":"closed","template":"","meta":{"advanced_seo_description":"","jetpack_seo_html_title":"","jetpack_seo_noindex":false},"product_brand":[20],"product_cat":[17],"product_tag":[],"class_list":{"0":"post-276","1":"product","2":"type-product","3":"status-publish","4":"has-post-thumbnail","6":"product_brand-alma-viva-joias","7":"product_cat-brincos","9":"first","10":"instock","11":"taxable","12":"shipping-taxable","13":"purchasable","14":"product-type-simple"},"jetpack_sharing_enabled":true,"_links":{"self":[{"href":"https:\/\/almavivajoias.com.br\/index.php?rest_route=\/wp\/v2\/product\/276","targetHints":{"allow":["GET"]}}],"collection":[{"href":"https:\/\/almavivajoias.com.br\/index.php?rest_route=\/wp\/v2\/product"}],"about":[{"href":"https:\/\/almavivajoias.com.br\/index.php?rest_route=\/wp\/v2\/types\/product"}],"replies":[{"embeddable":true,"href":"https:\/\/almavivajoias.com.br\/index.php?rest_route=%2Fwp%2Fv2%2Fcomments&post=276"}],"wp:featuredmedia":[{"embeddable":true,"href":"https:\/\/almavivajoias.com.br\/index.php?rest_route=\/wp\/v2\/media\/263"}],"wp:attachment":[{"href":"https:\/\/almavivajoias.com.br\/index.php?rest_route=%2Fwp%2Fv2%2Fmedia&parent=276"}],"wp:term":[{"taxonomy":"product_brand","embeddable":true,"href":"https:\/\/almavivajoias.com.br\/index.php?rest_route=%2Fwp%2Fv2%2Fproduct_brand&post=276"},{"taxonomy":"product_cat","embeddable":true,"href":"https:\/\/almavivajoias.com.br\/index.php?rest_route=%2Fwp%2Fv2%2Fproduct_cat&post=276"},{"taxonomy":"product_tag","embeddable":true,"href":"https:\/\/almavivajoias.com.br\/index.php?rest_route=%2Fwp%2Fv2%2Fproduct_tag&post=276"}],"curies":[{"name":"wp","href":"https:\/\/api.w.org\/{rel}","templated":true}]}}